(-1). Let q = j - -111. Let k(b) = 3*b + 2. Determine k(q).
20
Let a = -10838 + 10832. Let k(u) = -4*u + 21. Give k(a).
45
Let t(d) = 39*d. Let b(v) = 108*v - 4. Let a(s) = -5*b(s) + 14*t(s). Give a(-9).
-34
Let u(a) be the third derivative of -27 - 1/12*a**4 + 1/2*a**3 + 1/30*a**6 + 0*a - 2*a**2 - 1/30*a**5. What is u(2)?
23
Let x(c) = c**3 - 3*c**2 - 2*c - 3. Suppose 4*t - 44 = 4*f, 5*t - 3*f - 40 = 21. Suppose -8*a - 24 = -t*a. Determine x(a).
5
Let l = 1572 + -1575. Let j(r) = -3*r**3 - 2*r**2 - r - 15. What is j(l)?
51
Let a(v) be the third derivative of -v**6/360 - 13*v**5/120 - 3*v**4/8 - 39*v**3/2 + 106*v**2. Let y(g) be the first derivative of a(g). Give y(-10).
21
Let d(s) = -75*s - 51. Let q(l) be the second derivative of 41*l**3/6 + 13*l**2 - 51*l. Let f(j) = 6*d(j) + 11*q(j). Give f(9).
-11
Let j(r) = 43*r**2 - 271*r - 272. Let o be j(-1). Let q(c) = c**3 - 41*c**2 - 44*c + 82. What is q(o)?
-2
Let n(d) = d**2 - 36. Let k be n(6). Suppose -5*u - 2 - 28 = k. Let i(r) = r**2 + 11*r + 5. Determine i(u).
-25
Let t = 150 - 62. Suppose -10*a + t = 28. Let y(h) = -h**3 + 5*h**2 + 6*h + 5. What is y(a)?
5
Let g(z) = 5*z - 4. Let j be ((-27)/2)/((-15)/20). Let l(p) = -8*p + 140. Let u be l(j). Determine g(u).
-24
Let u = -366 - -367. Let z(h) = -17*h - 11*h + 39*h - u. Calculate z(4).
43
Let w(i) = 12*i**3 - 109*i**2 - 112*i - 204. Let y(p) = -19*p**3 + 165*p**2 + 170*p + 306. Let j(g) = 8*w(g) + 5*y(g). What is j(48)?
-6
Let j = 7 + 4. Suppose -5*y = 5*a - 44 - j, 2*y = 2*a - 30. Suppose -2*l - 5*k = a, -3*l + l - 3*k - 3 = 0. Let s(q) = -q**2 + 6*q. What is s(l)?
0
Let b(u) = u + 1. Let n(o) = -7. Let j(p) = -b(p) - n(p). Let y = 45879 + -45875. Calculate j(y).
2
Let h(w) = -7*w + 15. Let v be h(-1). Suppose -b + 0*u = 5*u + 16, -3*b = 2*u + v. Let f(s) = 5*s - 5*s**2 + 1 - s**3 - 1 - 4. What is f(b)?
2
Suppose -3 = -13*v + 10*v. Let r be -16 - -25 - v*-1. Let j(l) = l**2 - 9*l - 5. Determine j(r).
5
Let h(i) = i**3 - 2*i**2 - 14*i - 3. Let r be h(5). Let v(d) = -3*d**2 + 2*d**2 - d**3 - 3*d + 4*d - 3*d**r + 7*d**2. What is v(2)?
6
Let y be (9/(-18))/(7/(-56)) - 0. Let v(n) = n - 3. Determine v(y).
1
Suppose 11 = -5*s + 4*u, 6*s + 5*u = 2*s + 24. Let k(b) = 4*b**3 + b + 5. Let j(p) = 1. Let o(h) = -6*j(h) + k(h). What is o(s)?
4
Let c(m) = m**2 - 12*m + 2. Suppose -174 = -12*k + 306. Suppose -95 = -15*f + k. Calculate c(f).
-25
Let m(s) = -s**3 + 13*s**2 - 26*s + 6. Let k(j) = -j**3 + 15*j**2 - 32*j + 7. Let f(g) = -3*k(g) + 4*m(g). Determine f(5).
13
Let n be (3/2)/(1/2). Let k(f) = -f + 1. Let m(s) be the second derivative of s**2/2 - 889*s. Let a(u) = n*m(u) + k(u). Determine a(-3).
7
Let s(c) = c**3 + 10*c**2 + 8*c - 7. Let j be (33/6*1)/((-2)/(-8)). Let p = -22 + j. Suppose p = -6*w + 2*w - 36. Calculate s(w).
2
Suppose 4*l + 9 = -3*u + l, 5*u + l + 31 = 0. Let t(o) be the second derivative of -o**5/10 - 7*o**4/6 + o**3/6 + 7*o**2/2 - 2331*o. Determine t(u).
0
Let a = 3574 - 3574. Let n(s) be the second derivative of -9*s - 6*s**2 + a + 11/6*s**3 - 1/12*s**4. Determine n(10).
-2
Let g(b) = b**2 - 2*b - 1. Let i be (1/(-2))/(4/24)*-1. Suppose -i + 13 = 2*f, -2*q + 4 = -4*f. Suppose -z + 5*z = q. Determine g(z).
2
Let x(q) be the second derivative of -5/3*q**3 + 5*q - 1/12*q**4 + 4*q**2 + 5. Give x(-12).
-16
Let l(z) be the third derivative of z**6/120 - z**5/60 - 4*z**3/3 + z**2 + 6681*z. Suppose 2*f - 5*f = 0. Give l(f).
-8
Let h(d) be the third derivative of d**4/4 + 125*d**3/6 + d**2 + 2*d. Let t be h(-20). Let n(k) = -k**3 + 6*k**2 - 5*k - 7. Calculate n(t).
-7
Let b(y) be the first derivative of y**4/4 + 8*y**3/3 + y**2 + 7*y - 1. Let d = 32503 - 32511. Give b(d).
-9
Let m(y) = y**2 - 5*y - 2. Let n(p) = -p**2 + 5*p + 1. Let d = -26 - -20. Let t(r) = d*n(r) - 7*m(r). Give t(7).
-6
Let w(t) = 15 - 91 + 27 + 17 + 16 + 14 - t. Let u(z) = z**3 + 3*z**2 + 2*z + 1. Let o be u(-2). Let q be ((-12)/9)/(o/(-3)). Give w(q).
-6
Let l = -557 + 557. Let v(b) = 4*b - 8 + l*b - 13 + 14 - 5*b. What is v(-9)?
2
Let i(z) = -z**2 - 29*z - 156. Let s be i(-22). Let f(c) = -2*c**3 - 2*c. Calculate f(s).
20
Suppose -2*a + 30 = 4*a. Let m(r) = r**2 - 9*r**3 - a*r**3 + r**3 + r + 32*r**3. Give m(-1).
-19
Let r be 224/(-10)*185/(-37). Let w(z) = 110 + 0*z - r + 3*z - z**2. Determine w(6).
-20
Suppose -7*p - 8*p = -11*p + 20. Let w(j) = -j**3 - 3*j**2 + 9*j - 2. Calculate w(p).
3
Let t(p) = p**3 - 4*p**2 - 7*p. Suppose -13 = 4*a - 13. Suppose 123*i - 117*i - 30 = a. Calculate t(i).
-10
Let h(t) = -9*t - 4*t**3 - 3*t**3 + 75 + 20*t + 6*t**3 - 10*t + 2*t**2. Determine h(0).
75
Let x(s) = s**3 - 13*s**2 - 13*s - 14. Let q be x(14). Suppose -18 = -5*v + 3*i, 16 = -q*i + 4*i. Let t(a) = v*a + 12*a + 2*a - 4*a. Determine t(1).
16
Suppose 3*b - 2*y - 15 = 2*y, -2*y = -3*b + 9. Let l(r) = 1325036*r - 1325034*r + 0 + 2. What is l(b)?
4
Let x(p) = p**2 + 5*p - 9. Let s(n) = 6*n + 7. Let c(r) = -5*r - 6. Let t(l) = 2*c(l) + 3*s(l). Let u be t(-2). Calculate x(u).
5
Suppose 34 = -11*g + 10*g. Let k be (-4)/g - (-98)/34. Let c(n) be the first derivative of -n**4/4 + n**3 + 4*n - 1. Determine c(k).
4
Suppose 4*z + 8 = -4. Let u(b) be the second derivative of -1/2*b**2 - 1/12*b**4 + 89*b + 0 - b**3. Calculate u(z).
8
Let n(w) = 89*w - 9. Let m be n(-3). Let g be m/(-66) - 2/11. Let t(b) = 2*b**3 - 7*b**2 + 5*b - 4. Calculate t(g).
32
Let a be 7 + (-30)/(-4)*378/(-420). Let x(p) be the second derivative of 0 + 1/2*p**2 - a*p**4 + 2*p - 1/3*p**3 - 1/20*p**5. What is x(-2)?
1
Let g(t) = 4*t**2 - 19*t - 3. Let n be g(5). Let m(f) = 15*f**2 + 2 - 5*f**2 - 4 + 3*f + 3*f - 5*f. Calculate m(n).
40
Let w = -313 - -316. Suppose -w*v + 3*j - 2*j = 8, 25 = 5*j. Let c(g) be the third derivative of -23*g**5/60 - g**4/24 - g**3/6 + g**2. What is c(v)?
-23
Let p(q) be the third derivative of -23*q**4/24 - 217*q**3/6 - 550*q**2 - q. What is p(-10)?
13
Suppose 14*i + g + 15 = 19*i, 4*g = i - 22. Let z(l) = -70*l + 5. Give z(i).
-135
Let f(i) be the third derivative of i**6/120 - 3*i**5/20 - 7*i**4/12 - i**3/3 - 469*i**2. Let p = -125 - -135. Determine f(p).
-42
Let l(n) = -15*n + 4. Let s(i) = 14*i - 3. Suppose -4*p - 6 = 2. Let c(j) = p*l(j) - 3*s(j). Suppose -w = -2*k + 3*k - 3, -5*k - 3*w = -11. Calculate c(k).
-11
Let t(y) = y**2 + 7*y - 2. Let j = 14 - 12. Let h be 10 + 12/(-1 - j). Suppose 2*k = -h, -3*z - 3*k - 18 = -4*k. Determine t(z).
-2
Let y be -5*(-5)/(125/15). Let a(q) = -2*q + 130 - 126 + y*q. Let g = -8 + 0. Give a(g).
-4
Suppose -5*z + 11*z = 12. Suppose -2*y + z*j = 132, 0 = 3*j - 0 + 6. Let a = y - -65. Let c(u) = 4*u + 2. Give c(a).
-10
Let y(r) be the third derivative of -r**6/360 - r**5/120 + r**4/24 - 23*r**3/6 - 24*r**2. Let p(x) be the first derivative of y(x). Determine p(-4).
-11
Let k(b) be the first derivative of -b**2/2 + b + 216. Let a(f) = -2*f**3 - f**2 + f - 3. Let z be a(-2). What is k(z)?
-6
Let d(s) = -s**2 + 0*s + s + 5 - 3. Let p be (-21 + (-4342)/(-208))/(9/(-216)). Calculate d(p).
-4
Let k(o) = -4*o**2 - 58*o - 11. Let j(s) = -2*s**2 - 49*s - 10. Let f(d) = 7*j(d) - 6*k(d). What is f(1)?
11
Let c(s) = -s**2 + 4*s - 3. Let v be c(4). Let k = -163 - -165. Let m(a) = 9 - 2 - 2 - 6 - k*a. Give m(v).
5
Let j = 9 - 4. Suppose -j*k + 2*k - 27 = 0. Let m(h) = -h**2 + 9*h - 3*h**2 - 1 + 0*h**2 + 5*h**2. What is m(k)?
-1
Let k(f) = 2*f**2 + 13*f + 7. Let l = 73 - 68. Let a(b) = 3*b**2 - 5*b**2 - 7*b + b**2 - 4. Let x(s) = l*a(s) + 3*k(s). Calculate x(-4).
1
Let x(o) = -10*o - 150. Let a be -45*((-115)/15 + 8). What is x(a)?
0
Let x(o) be the first derivative of o**4/4 + 2*o**3 - 9*o**2/2 + 7*o - 4148. Calculate x(-6).
61
Let j(b) be the first derivative of 28*b + 5/6*b**3 + 25 - 1/2*b**2 - 1/3*b**4 - 1/20*b**5. Let t(i) be the first derivative of j(i). Give t(-5).
-1
Let i(r) be the first derivative of -r**4/4 + r**3 + 4*r + 78. Suppose -3*o - 3 = -k - 0, 3*k = -2*o + 9. Suppose -2*q - k = -3*q. Determine i(q).
4
Suppose -9*d - 1 = 17. Let k(r) = -r + 5. Let b be k(d). Let a(x) be the first derivative of x**4/4 - 2*x**3 - 7*x**2/2 + 4*x - 8. Calculate a(b).
4
Let y(u) = -13*u - 1. Let x(o) = 5*o. Let j(l) = -5*x(l) - 2*y(l). Suppose -3*i = 4*i - 231. Suppose -5*m - 3*v = 7 + 8, -3*m - i = -3*v. Calculate j(m).
-4
Let m(u) = 39*u + 588. Let p be m(-15)